{"id":61,"date":"2016-01-04T20:27:38","date_gmt":"2016-01-04T19:27:38","guid":{"rendered":"http:\/\/xn--vielstdte-02a.com\/?page_id=61"},"modified":"2018-06-25T20:25:06","modified_gmt":"2018-06-25T18:25:06","slug":"bundesliga-tippspiel-20132014","status":"publish","type":"page","link":"http:\/\/xn--vielstdte-02a.com\/?page_id=61","title":{"rendered":"Bundesliga Tippspiel 2013\/2014"},"content":{"rendered":"<ol>\n<li>Frederik Rickel<\/li>\n<li>Ulf Brockhoff<\/li>\n<li>Sebastian Vielst\u00e4dte<\/li>\n<li>Sandra Leinkenjost<\/li>\n<li>Philipp Wengel<\/li>\n<li>Daniel Roer<\/li>\n<li>Dennis Nahrmann<\/li>\n<li>Timo Br\u00fcggemann<\/li>\n<li>Janine Woltering<\/li>\n<li>Julian Welzel<\/li>\n<li>Stephan Toppm\u00f6ller<\/li>\n<li>Rainer Vielst\u00e4dte<\/li>\n<li>Peter Frommert<\/li>\n<li>Peter Nahrmann<\/li>\n<li>Markus Tentrup<\/li>\n<li>Dirk Stockbr\u00fcgger<\/li>\n<li>Stefanie Rottmann<\/li>\n<li>Josef Behrens<\/li>\n<li>Andreas Haggeney<\/li>\n<li>Alexander Heitmann<\/li>\n<li>Albert Zimmermann<\/li>\n<li>Bastian Birkenhauer<\/li>\n<\/ol>\n","protected":false},"excerpt":{"rendered":"<p>Frederik Rickel Ulf Brockhoff Sebastian Vielst\u00e4dte Sandra Leinkenjost Philipp Wengel Daniel Roer Dennis Nahrmann Timo Br\u00fcggemann Janine Woltering Julian Welzel Stephan Toppm\u00f6ller Rainer Vielst\u00e4dte Peter Frommert Peter Nahrmann Markus Tentrup Dirk Stockbr\u00fcgger Stefanie Rottmann Josef Behrens Andreas Haggeney Alexander Heitmann Albert Zimmermann Bastian Birkenhauer<\/p>\n","protected":false},"author":1,"featured_media":0,"parent":49,"menu_order":0,"comment_status":"closed","ping_status":"closed","template":"","meta":[],"_links":{"self":[{"href":"http:\/\/xn--vielstdte-02a.com\/index.php?rest_route=\/wp\/v2\/pages\/61"}],"collection":[{"href":"http:\/\/xn--vielstdte-02a.com\/index.php?rest_route=\/wp\/v2\/pages"}],"about":[{"href":"http:\/\/xn--vielstdte-02a.com\/index.php?rest_route=\/wp\/v2\/types\/page"}],"author":[{"embeddable":true,"href":"http:\/\/xn--vielstdte-02a.com\/index.php?rest_route=\/wp\/v2\/users\/1"}],"replies":[{"embeddable":true,"href":"http:\/\/xn--vielstdte-02a.com\/index.php?rest_route=%2Fwp%2Fv2%2Fcomments&post=61"}],"version-history":[{"count":3,"href":"http:\/\/xn--vielstdte-02a.com\/index.php?rest_route=\/wp\/v2\/pages\/61\/revisions"}],"predecessor-version":[{"id":87,"href":"http:\/\/xn--vielstdte-02a.com\/index.php?rest_route=\/wp\/v2\/pages\/61\/revisions\/87"}],"up":[{"embeddable":true,"href":"http:\/\/xn--vielstdte-02a.com\/index.php?rest_route=\/wp\/v2\/pages\/49"}],"wp:attachment":[{"href":"http:\/\/xn--vielstdte-02a.com\/index.php?rest_route=%2Fwp%2Fv2%2Fmedia&parent=61"}],"curies":[{"name":"wp","href":"https:\/\/api.w.org\/{rel}","templated":true}]}}