{"id":403,"date":"2016-06-11T16:51:24","date_gmt":"2016-06-11T14:51:24","guid":{"rendered":"http:\/\/xn--vielstdte-02a.com\/?page_id=403"},"modified":"2018-06-25T20:27:51","modified_gmt":"2018-06-25T18:27:51","slug":"wm-tippspiel-2010","status":"publish","type":"page","link":"http:\/\/xn--vielstdte-02a.com\/?page_id=403","title":{"rendered":"WM Tippspiel 2010"},"content":{"rendered":"<ol>\n<li>Stephan Toppm\u00f6ller<\/li>\n<li>Rainer Vielst\u00e4dte<\/li>\n<li>Felix B\u00fcsing<\/li>\n<li>Eduard Vdovkin<\/li>\n<li>Sebastian Vielst\u00e4dte<\/li>\n<li>Daniel Roer<\/li>\n<li>Pascal Will<\/li>\n<li>Markus Tentrup<\/li>\n<li>Frederik Rickel<\/li>\n<li>Maximilian Mix<\/li>\n<li>Ulrich Mix<\/li>\n<li>Nils M\u00fcther<\/li>\n<li>Kevin Kiffmeier<\/li>\n<li>Alexander Heitmann<\/li>\n<li>Nicolas Mix<\/li>\n<li>Mario Hanfgarn<\/li>\n<li>Peter Frommert<\/li>\n<li>Christopher Brand<\/li>\n<li>Bernhard Vielst\u00e4dte<\/li>\n<li>Inge Vielst\u00e4dte<\/li>\n<li>Timo Br\u00fcggemann<\/li>\n<\/ol>\n","protected":false},"excerpt":{"rendered":"<p>Stephan Toppm\u00f6ller Rainer Vielst\u00e4dte Felix B\u00fcsing Eduard Vdovkin Sebastian Vielst\u00e4dte Daniel Roer Pascal Will Markus Tentrup Frederik Rickel Maximilian Mix Ulrich Mix Nils M\u00fcther Kevin Kiffmeier Alexander Heitmann Nicolas Mix Mario Hanfgarn Peter Frommert Christopher Brand Bernhard Vielst\u00e4dte Inge Vielst\u00e4dte Timo Br\u00fcggemann<\/p>\n","protected":false},"author":1,"featured_media":53,"parent":72,"menu_order":0,"comment_status":"closed","ping_status":"closed","template":"","meta":[],"_links":{"self":[{"href":"http:\/\/xn--vielstdte-02a.com\/index.php?rest_route=\/wp\/v2\/pages\/403"}],"collection":[{"href":"http:\/\/xn--vielstdte-02a.com\/index.php?rest_route=\/wp\/v2\/pages"}],"about":[{"href":"http:\/\/xn--vielstdte-02a.com\/index.php?rest_route=\/wp\/v2\/types\/page"}],"author":[{"embeddable":true,"href":"http:\/\/xn--vielstdte-02a.com\/index.php?rest_route=\/wp\/v2\/users\/1"}],"replies":[{"embeddable":true,"href":"http:\/\/xn--vielstdte-02a.com\/index.php?rest_route=%2Fwp%2Fv2%2Fcomments&post=403"}],"version-history":[{"count":1,"href":"http:\/\/xn--vielstdte-02a.com\/index.php?rest_route=\/wp\/v2\/pages\/403\/revisions"}],"predecessor-version":[{"id":404,"href":"http:\/\/xn--vielstdte-02a.com\/index.php?rest_route=\/wp\/v2\/pages\/403\/revisions\/404"}],"up":[{"embeddable":true,"href":"http:\/\/xn--vielstdte-02a.com\/index.php?rest_route=\/wp\/v2\/pages\/72"}],"wp:featuredmedia":[{"embeddable":true,"href":"http:\/\/xn--vielstdte-02a.com\/index.php?rest_route=\/wp\/v2\/media\/53"}],"wp:attachment":[{"href":"http:\/\/xn--vielstdte-02a.com\/index.php?rest_route=%2Fwp%2Fv2%2Fmedia&parent=403"}],"curies":[{"name":"wp","href":"https:\/\/api.w.org\/{rel}","templated":true}]}}