{"id":1949,"date":"2022-05-16T22:10:12","date_gmt":"2022-05-16T20:10:12","guid":{"rendered":"http:\/\/xn--vielstdte-02a.com\/?page_id=1949"},"modified":"2023-06-06T09:29:14","modified_gmt":"2023-06-06T07:29:14","slug":"bundesliga-tippspiel-2021-2022","status":"publish","type":"page","link":"http:\/\/xn--vielstdte-02a.com\/?page_id=1949","title":{"rendered":"Bundesliga Tippspiel 2021\/2022"},"content":{"rendered":"\n<div class=\"is-layout-flex wp-container-2 wp-block-columns\">\n<div class=\"is-layout-flow wp-block-column\" style=\"flex-basis:100%\">\n<p><\/p><figure class=\"wp-block-table\" border=\"0\">\n<table>\n<tbody>\n<tr>\n<td><strong>Name<\/strong><\/td>\n<td><strong>Punkte<\/strong><\/td>\n<td><strong>Gewinn<\/strong><\/td>\n<\/tr>\n<tr><td>Rainer Vielst\u00e4dte<\/td><td>220<\/td><td>27,50 EUR<\/td><\/tr>\n<tr><td>Ulf Brockhoff<\/td><td>216<\/td><td>16,50 EUR<\/td><\/tr>\n<tr><td>Janine Vielst\u00e4dte<\/td><td>214<\/td><td>11,00 EUR<\/td><\/tr>\n<tr><td>Michael Winter<\/td><td>210<\/td><td><\/td><\/tr>\n<tr><td>Sebastian Vielst\u00e4dte<\/td><td>209<\/td><td><\/td><\/tr>\n<tr><td>Daniel Roer<\/td><td>208<\/td><td><\/td><\/tr>\n<tr><td>Timo Br\u00fcggemann<\/td><td>203<\/td><td><\/td><\/tr>\n<tr><td>Markus Tentrup<\/td><td>197<\/td><td><\/td><\/tr>\n<tr><td>Kai-Philipp Dallm\u00f6ller<\/td><td>159<\/td><td><\/td><\/tr>\n<tr><td>Marc Sauer<\/td><td>150<\/td><td><\/td><\/tr>\n<tr><td>Ingrid Vielst\u00e4dte<\/td><td>97<\/td><td><\/td><\/tr>\n<\/tbody>\n<\/table>\n<\/figure><p><\/p>\n<\/div>\n<\/div>\n","protected":false},"excerpt":{"rendered":"<p>Name Punkte Gewinn Rainer Vielst\u00e4dte 220 27,50 EUR Ulf Brockhoff 216 16,50 EUR Janine Vielst\u00e4dte 214 11,00 EUR Michael Winter 210 Sebastian Vielst\u00e4dte 209 Daniel Roer 208 Timo Br\u00fcggemann 203 Markus Tentrup 197 Kai-Philipp Dallm\u00f6ller 159 Marc Sauer 150 Ingrid Vielst\u00e4dte 97<\/p>\n","protected":false},"author":1,"featured_media":112,"parent":0,"menu_order":0,"comment_status":"closed","ping_status":"closed","template":"","meta":[],"_links":{"self":[{"href":"http:\/\/xn--vielstdte-02a.com\/index.php?rest_route=\/wp\/v2\/pages\/1949"}],"collection":[{"href":"http:\/\/xn--vielstdte-02a.com\/index.php?rest_route=\/wp\/v2\/pages"}],"about":[{"href":"http:\/\/xn--vielstdte-02a.com\/index.php?rest_route=\/wp\/v2\/types\/page"}],"author":[{"embeddable":true,"href":"http:\/\/xn--vielstdte-02a.com\/index.php?rest_route=\/wp\/v2\/users\/1"}],"replies":[{"embeddable":true,"href":"http:\/\/xn--vielstdte-02a.com\/index.php?rest_route=%2Fwp%2Fv2%2Fcomments&post=1949"}],"version-history":[{"count":5,"href":"http:\/\/xn--vielstdte-02a.com\/index.php?rest_route=\/wp\/v2\/pages\/1949\/revisions"}],"predecessor-version":[{"id":1996,"href":"http:\/\/xn--vielstdte-02a.com\/index.php?rest_route=\/wp\/v2\/pages\/1949\/revisions\/1996"}],"wp:featuredmedia":[{"embeddable":true,"href":"http:\/\/xn--vielstdte-02a.com\/index.php?rest_route=\/wp\/v2\/media\/112"}],"wp:attachment":[{"href":"http:\/\/xn--vielstdte-02a.com\/index.php?rest_route=%2Fwp%2Fv2%2Fmedia&parent=1949"}],"curies":[{"name":"wp","href":"https:\/\/api.w.org\/{rel}","templated":true}]}}