{"id":1879,"date":"2021-07-22T09:30:51","date_gmt":"2021-07-22T07:30:51","guid":{"rendered":"http:\/\/xn--vielstdte-02a.com\/?page_id=1879"},"modified":"2021-07-22T09:38:46","modified_gmt":"2021-07-22T07:38:46","slug":"em-tippspiel-2020","status":"publish","type":"page","link":"http:\/\/xn--vielstdte-02a.com\/?page_id=1879","title":{"rendered":"EM Tippspiel 2020"},"content":{"rendered":"\n<p><figure class=\"wp-block-table\">\n<table>\n<tbody>\n<tr>\n<td><strong>Name<\/strong><\/td>\n<td><strong>Punkte<\/strong><\/td>\n<td><strong>Gewinn<\/strong><\/td>\n<\/tr>\n<tr><td>Kai-Philipp Dallm\u00f6ller<\/td><td>43<\/td><td>32,50 EUR<\/td><\/tr>\n<tr><td>Leon Milchers<\/td><td>36<\/td><td>19,50 EUR<\/td><\/tr>\n<tr><td>Daniel Roer<\/td><td>35<\/td><td>13,00 EUR (5 richtige Tipps)<\/td><\/tr>\n<tr><td>Dirk Stockbr\u00fcgger<\/td><td>35<\/td><td>0,00 EUR (3 richtige Tipps)<\/td><\/tr>\n<tr><td>Janine Vielst\u00e4dte<\/td><td>34<\/td><td><\/td><\/tr>\n<tr><td>Sebastian Vielst\u00e4dte<\/td><td>31<\/td><td><\/td><\/tr>\n<tr><td>Timo Br\u00fcggemann<\/td><td>30<\/td><td><\/td><\/tr>\n<tr><td>Rainer Vielst\u00e4dte<\/td><td>29<\/td><td><\/td><\/tr>\n<tr><td>Ulf Brockhoff<\/td><td>29<\/td><td><\/td><\/tr>\n<tr><td>Marc Sauer<\/td><td>29<\/td><td><\/td><\/tr>\n<tr><td>Nadine Tentrup<\/td><td>29<\/td><td><\/td><\/tr>\n<tr><td>Markus Tentrup<\/td><td>28<\/td><td><\/td><\/tr>\n<tr><td>Ingrid Vielst\u00e4dte<\/td><td>24<\/td><td><\/td><\/tr>\n<\/tbody>\n<\/table>\n<\/figure><\/p>\n","protected":false},"excerpt":{"rendered":"<p>Name Punkte Gewinn Kai-Philipp Dallm\u00f6ller 43 32,50 EUR Leon Milchers 36 19,50 EUR Daniel Roer 35 13,00 EUR (5 richtige Tipps) Dirk Stockbr\u00fcgger 35 0,00 EUR (3 richtige Tipps) Janine Vielst\u00e4dte 34 Sebastian Vielst\u00e4dte 31 Timo Br\u00fcggemann 30 Rainer Vielst\u00e4dte 29 Ulf Brockhoff 29 Marc Sauer 29 Nadine Tentrup 29 Markus Tentrup 28 Ingrid Vielst\u00e4dte 24<\/p>\n","protected":false},"author":1,"featured_media":1808,"parent":0,"menu_order":0,"comment_status":"closed","ping_status":"closed","template":"","meta":[],"_links":{"self":[{"href":"http:\/\/xn--vielstdte-02a.com\/index.php?rest_route=\/wp\/v2\/pages\/1879"}],"collection":[{"href":"http:\/\/xn--vielstdte-02a.com\/index.php?rest_route=\/wp\/v2\/pages"}],"about":[{"href":"http:\/\/xn--vielstdte-02a.com\/index.php?rest_route=\/wp\/v2\/types\/page"}],"author":[{"embeddable":true,"href":"http:\/\/xn--vielstdte-02a.com\/index.php?rest_route=\/wp\/v2\/users\/1"}],"replies":[{"embeddable":true,"href":"http:\/\/xn--vielstdte-02a.com\/index.php?rest_route=%2Fwp%2Fv2%2Fcomments&post=1879"}],"version-history":[{"count":4,"href":"http:\/\/xn--vielstdte-02a.com\/index.php?rest_route=\/wp\/v2\/pages\/1879\/revisions"}],"predecessor-version":[{"id":1887,"href":"http:\/\/xn--vielstdte-02a.com\/index.php?rest_route=\/wp\/v2\/pages\/1879\/revisions\/1887"}],"wp:featuredmedia":[{"embeddable":true,"href":"http:\/\/xn--vielstdte-02a.com\/index.php?rest_route=\/wp\/v2\/media\/1808"}],"wp:attachment":[{"href":"http:\/\/xn--vielstdte-02a.com\/index.php?rest_route=%2Fwp%2Fv2%2Fmedia&parent=1879"}],"curies":[{"name":"wp","href":"https:\/\/api.w.org\/{rel}","templated":true}]}}